g + 1342. Give u(3).
-11
Let h(d) = d**3 - 222*d**2 + 85*d - 18667. Give h(222).
203
Let x(p) = 76116*p + 837303. What is x(-11)?
27
Let m(s) = -13*s**2 - 96*s + 372. Determine m(-14).
-832
Let d(p) = 3*p**3 + 540*p**2 + 536*p - 20. What is d(-179)?
159
Let i(k) = 581*k - 45712. What is i(79)?
187
Let l(f) = -8195*f + 229457. Calculate l(28).
-3
Let c(w) = -14*w**3 + 7307*w**2 + 561*w - 20360. Determine c(522).
-2
Let b(k) = -k**3 + 44*k**2 + 177*k + 3307. Give b(49).
-25
Let c(l) = 2*l**3 - 21*l**2 + 46*l - 153. What is c(9)?
18
Let o(j) = -12*j**3 - 158*j**2 + 10*j - 38. What is o(-13)?
-506
Let a(h) = 2167*h + 1521. Calculate a(-1).
-646
Let s(n) = 4*n**3 - 5*n**2 + 659*n + 1324. Calculate s(-2).
-46
Let d(i) = 371*i**2 - 43403*i - 201. Calculate d(117).
267
Let g(o) = -o**3 - 16*o**2 + 157*o + 21. Determine g(7).
-7
Let z(d) = 226*d**2 - 1437*d - 1016. What is z(7)?
-1
Let i(v) = -142566*v + 8981638. Give i(63).
-20
Let g(l) = 3*l**2 - 13039*l + 78279. Give g(6).
153
Let v(q) = q**2 - 379*q + 25628. Calculate v(88).
20
Let k(y) = -5942*y + 95047. What is k(16)?
-25
Let y(i) = i**3 + 26*i**2 + 779*i + 3510. Give y(-6).
-444
Let b(m) = m**3 - 761*m**2 - 3398*m + 2585873. Determine b(761).
-5
Let m(b) = -2*b**3 - 22*b**2 - 301*b - 1203. Calculate m(-9).
1182
Let m(v) = 2810996*v - 50597929. What is m(18)?
-1
Let r(o) = 15353*o + 245704. Give r(-16).
56
Let k(n) = -n**2 - 27*n + 2174. Determine k(-62).
4
Let c(o) = o**3 - 70*o**2 - 110*o + 438. What is c(71)?
-2331
Let q(y) = -86*y**3 - 2424*y**2 - 445*y + 80. What is q(-28)?
-4
Let i(q) = -85*q**2 + 1022*q + 11. What is i(12)?
35
Let i(g) = -g**2 + 53*g + 2510. What is i(82)?
132
Let z(k) = 3709*k - 16769. Determine z(5).
1776
Let x(r) = -4*r**3 - 5412*r**2 + 54520*r + 1. Calculate x(10).
1
Let d(c) = 231*c**3 + 1158*c**2 + 8*c - 33. Calculate d(-5).
2
Let c(i) = -i**3 - 6*i**2 + 96*i + 420. What is c(-4)?
4
Let r(c) = c**3 - 111*c**2 + 2982*c + 2. Calculate r(46).
-366
Let c(w) = 623*w - 36117. Give c(58).
17
Let j(z) = 4645*z - 3045. Calculate j(1).
1600
Let r(a) = -9*a**3 - 192*a**2 - 405*a - 108. Give r(-19).
6
Let j(b) = -2244*b**2 + 17855*b + 799. Calculate j(8).
23
Let p(z) = -2*z**3 + 71*z**2 + 8961*z + 34. Give p(87).
34
Let f(r) = -403*r + 29997. Calculate f(76).
-631
Let l(x) = -34*x**2 + 150*x + 4155. What is l(-9)?
51
Let y(r) = -5457*r**2 + 49114*r - 2. Calculate y(9).
7
Let x(i) = i**3 - 132*i**2 - 9593*i + 1230682. Give x(136).
18
Let h(r) = r**3 - 17*r**2 + 272*r - 3652. Give h(15).
-22
Let l(y) = 7873*y - 732429. Calculate l(93).
-240
Let t(l) = -3821*l - 34430. Calculate t(-9).
-41
Let w(u) = -65992*u + 30620296. Calculate w(464).
8
Let d(p) = -2*p**3 - 44*p**2 + 48*p - 264. What is d(-24)?
888
Let c(g) = -2*g**2 - 36*g + 7765. Give c(53).
239
Let l(h) = -2*h**2 - 338*h - 11593. Give l(-54).
827
Let l(q) = 5*q**2 + 374*q + 1361. Determine l(-71).
12
Let k(c) = 2117886*c + 10589411. Calculate k(-5).
-19
Let d(k) = k**3 + 9*k**2 - 2858*k - 14300. What is d(-5)?
90
Let r(b) = 24283*b + 121506. Calculate r(-5).
91
Let v(i) = -i**2 - 2348*i + 1092. What is v(0)?
1092
Let z(n) = -n**3 + 25*n**2 - 44*n - 3. Give z(23).
43
Let c(y) = 10*y**2 - 10707*y - 218145. Give c(-20).
-5
Let j(m) = 4193*m + 20908. Determine j(-5).
-57
Let d(z) = -2*z**3 + 135*z**2 - 2175*z + 87. Determine d(41).
5
Let m(t) = -6786*t - 40736. What is m(-6)?
-20
Let t(p) = -1212167*p + 1212171. Calculate t(1).
4
Let x(v) = 37*v**2 - 1038*v + 2610. What is x(25)?
-215
Let x(z) = z**3 + 23*z**2 + 41*z - 17. Give x(-7).
480
Let h(q) = -q**3 + 32*q**2 + 149*q - 1657. Give h(37).
-2989
Let f(c) = 1073*c - 145330. Give f(136).
598
Let y(f) = f**3 - 54*f**2 + 442*f + 1332. Give y(43).
-1
Let j(o) = o**3 + 54*o**2 + 443*o - 2106. Give j(-15).
24
Let x(f) = 167*f**3 + 496*f**2 - 8*f + 8. Calculate x(-3).
-13
Let o(u) = 16*u**2 - 126*u - 819. Give o(12).
-27
Let c(j) = -1642*j**2 - 8069*j + 603. Give c(-5).
-102
Let b(f) = -15*f**3 + 210*f**2 - 15*f + 22. What is b(14)?
-188
Let l(o) = 13*o**3 + 50*o**2 + 17*o + 86. What is l(-4)?
-14
Let d(v) = -4637*v + 941325. Give d(203).
14
Let j(t) = -2*t**3 + 42*t**2 + 426*t - 978. What is j(28)?
-26
Let w(c) = -1845464*c - 33218346. Calculate w(-18).
6
Let c(i) = -1431*i + 114234. Calculate c(80).
-246
Let u(b) = -3654*b - 10503. Give u(-3).
459
Let n(x) = -x**3 + 30*x**2 - 16993*x + 509784. Give n(30).
-6
Let k(n) = -2*n**2 - 25718*n + 154355. What is k(6)?
-25
Let v(x) = -82*x**2 + 363*x + 2409. What is v(-6)?
-2721
Let o(c) = -8652*c**2 + 77872*c - 20. Give o(9).
16
Let h(n) = 2*n**2 + 191*n - 913. Calculate h(-101).
198
Let k(c) = 91995*c - 551974. Calculate k(6).
-4
Let j(b) = 1141*b - 190. What is j(2)?
2092
Let t(y) = -653*y + 7663. What is t(11)?
480
Let z(y) = -y**2 + 382*y - 34607. What is z(147)?
-62
Let i(m) = -61618*m - 123238. What is i(-2)?
-2
Let w(o) = 8089*o - 1245707. Determine w(154).
-1
Let g(d) = 4*d**2 + 90*d + 470. Calculate g(-12).
-34
Let n(v) = -303134*v**2 - 5759548*v - 40. Give n(-19).
-2
Let k(z) = 1832*z + 73548. Determine k(-40).
268
Let k(p) = -269198*p + 5114764. What is k(19)?
2
Let v(w) = 64906*w + 259614. Give v(-4).
-10
Let q(z) = -z**2 - 19*z + 5171. Determine q(63).
5
Let r(d) = d**2 - 1907*d + 52779. Calculate r(28).
167
Let c(l) = -805*l - 115665. Calculate c(-143).
-550
Let p(w) = -3*w**3 - 94*w**2 + 243*w + 331. Determine p(-33).
-2243
Let b(t) = -38*t**3 + 5*t**2 - 505*t - 1026. Determine b(-2).
308
Let b(l) = 20998*l + 41902. What is b(-2)?
-94
Let r(w) = -23*w**2 + 592*w + 62. What is r(24)?
1022
Let i(x) = -x**2 - 7903*x + 1248994. What is i(155)?
4
Let q(a) = 244*a - 3884. Give q(16).
20
Let p(i) = i**3 - 53*i**2 - 334*i + 129. Determine p(-6).
9
Let k(p) = -p**2 - 23*p - 82. Calculate k(-5).
8
Let q(f) = 395*f + 2769. Give q(-8).
-391
Let l(b) = -2*b**3 + 18*b**2 + 186*b + 886. What is l(16)?
278
Let u(z) = z**3 - 238*z**2 - 498*z + 4405. What is u(240)?
85
Let y(o) = 129*o**2 - 1417*o - 90. What is y(12)?
1482
Let r(m) = 2*m**3 + 163*m**2 + 2231*m - 531. Determine r(-64).
45
Let d(o) = -1203*o - 13467. Give d(-11).
-234
Let m(c) = 749*c**2 + 8237*c - 24. What is m(-11)?
-2
Let j(h) = -15*h**3 - 2340*h**2 + 7*h + 1121. What is j(-156)?
29
Let w(h) = -24291*h - 72846. Calculate w(-3).
27
Let c(r) = -892*r - 2659. Determine c(-3).
17
Let q(w) = -2496*w - 132270. Give q(-53).
18
Let n(r) = 2*r**3 - 519*r**2 - 798*r + 3923. What is n(261)?
8
Let b(y) = 4*y**2 - 41*y + 24. Give b(8).
-48
Let f(k) = -743*k - 12814. Give f(-18).
560
Let o(h) = -336*h + 40390. Calculate o(121).
-266
Let x(y) = -2*y**2 - 380*y - 259. Calculate x(-199).
-3841
Let h(p) = 72*p**2 - 10636*p + 48627. Calculate h(143).
7
Let m(i) = -i**3 + 179*i**2 - 16135*i + 2888161. Give m(179).
-4
Let x(k) = -5781*k + 46199. What is x(7)?
5732
Let a(u) = -u**3 + 301*u**2 + 3786*u - 9595. Determine a(313).
-205
Let f(z) = z**2 + 335*z + 27562. Give f(-189).
-32
Let p(j) = -56*j + 3441. What is p(60)?
81
Let b(y) = y**2 - 43*y - 569. Calculate b(48).
-329
Let c(b) = 19*b**3 + 1447*b**2 + 220*b - 605. Calculate c(-76).
3
Let m(f) = 34*f**3 - 104*f**2 - 610*f + 1843. Give m(3).
-5
Let f(u) = u**3 - 923*u**2 - 63164*u - 3936. Calculate f(987).
12
Let a(m) = -535*m - 33723. Calculate a(-64).
517
Let v(u) = -28544*u**2 - 199808*u - 16. Calculate v(-7).
-16
Let j(b) = -95603*b + 10707536. Calculate j(112).
0
Let v(z) = 612060*z + 612062. What is v(-1)?
2
Let q(v) = -27*v**3 - 7*v**2 + 71*v - 191. What is q(4)?
-1747
Let l(a) = 234*a + 40710. Give l(-174).
-6
Let o(b) = -4014*b - 16166. Determine o(-4).
-110
Let q(x) = 401*x + 44565. Determine q(-112).
-347
Let y(f) = f**2 - 413*f - 186314. Determine y(-272).
6
Let k(d) = 4*d**2 + 13077*d - 78584. What is k(6)?
22
Let k(z) = 784*z + 2480. Determine k(-4).
-656
Let t(i) = -97*i**2 + 13274*i + 2050. Calculate t(137).
-5
Let k(t) = -9*t**2 + 64062*t - 256087. What is k(4)?
17
Let m(o) = -3*o**2 - 989*o + 17185. Give m(18).
-1589
Let b(g) = 38745*g - 309952. Determine b(8).
8
Let q(l) = -5702*l - 1636470. Determine q(-287).
4
Let f(l) = -32*l**2 - 1110*l - 5566. Give f(-6).
-58
Let l(b) = 145*b**2 - 2655*b + 3232. Calculate l(17).
2
Let h(w) = 1802*w - 10833. Determine h(6).
-21
Let n(r) = -4*r**2 - 840*r + 14782. Give n(17).
-654
L